{"id":146078,"date":"2025-08-17T18:54:37","date_gmt":"2025-08-17T16:54:37","guid":{"rendered":"https:\/\/aikido-cattenom.net\/?page_id=146078"},"modified":"2026-02-03T19:35:47","modified_gmt":"2026-02-03T17:35:47","slug":"146078-2","status":"publish","type":"page","link":"https:\/\/aikido-cattenom.net\/","title":{"rendered":""},"content":{"rendered":"\n<div class=\"wp-block-columns is-layout-flex wp-container-core-columns-is-layout-9d6595d7 wp-block-columns-is-layout-flex\">\n<div class=\"wp-block-column is-layout-flow wp-block-column-is-layout-flow\">\n<p class=\"has-text-align-left has-x-large-font-size\">Actualit\u00e9s<\/p>\n\n\n\n<p style=\"font-size:28px\"><\/p>\n\n\n\n<p style=\"font-size:18px\">Notre Jeannot, alias Joe la Pince, nous a quitt\u00e9s samedi 31 janvier.\u00a0<\/p>\n\n\n\n<p>Membre fondateur de notre club, Jean en a \u00e9t\u00e9 un des piliers depuis sa cr\u00e9ation en 1999. Il a occup\u00e9 toutes les fonctions possibles au sein de l\u2019association et a toujours r\u00e9pondu pr\u00e9sent d\u00e8s qu\u2019il fallait donner un coup de main.<\/p>\n\n\n\n<p>Son rire inoubliable, sa poigne l\u00e9gendaire et sa gentillesse in\u00e9gal\u00e9e vont \u00e9norm\u00e9ment nous manquer !<\/p>\n\n\n\n<p>Toutes nos pens\u00e9es vont vers sa femme et sa famille.<\/p>\n\n\n\n<p style=\"font-size:18px\"><\/p>\n\n\n\n<p><\/p>\n<\/div>\n\n\n\n<div class=\"wp-block-column is-vertically-aligned-center is-layout-flow wp-block-column-is-layout-flow\">\n<figure class=\"wp-block-gallery alignright has-nested-images columns-default is-cropped wp-block-gallery-1 is-layout-flex wp-block-gallery-is-layout-flex\">\n<figure class=\"wp-block-image size-full\"><a href=\"https:\/\/aikido-cattenom.net\/wp-content\/uploads\/2026\/02\/1000076996.jpg\"><img loading=\"lazy\" decoding=\"async\" width=\"940\" height=\"788\" data-id=\"146311\" src=\"https:\/\/aikido-cattenom.net\/wp-content\/uploads\/2026\/02\/1000076996.jpg\" alt=\"\" class=\"wp-image-146311\" srcset=\"https:\/\/aikido-cattenom.net\/wp-content\/uploads\/2026\/02\/1000076996.jpg 940w, https:\/\/aikido-cattenom.net\/wp-content\/uploads\/2026\/02\/1000076996-300x251.jpg 300w, https:\/\/aikido-cattenom.net\/wp-content\/uploads\/2026\/02\/1000076996-768x644.jpg 768w\" sizes=\"auto, (max-width: 940px) 100vw, 940px\" \/><\/a><\/figure>\n<\/figure>\n<\/div>\n<\/div>\n\n\n\n<div class=\"wp-block-columns is-layout-flex wp-container-core-columns-is-layout-9d6595d7 wp-block-columns-is-layout-flex\">\n<div class=\"wp-block-column is-layout-flow wp-block-column-is-layout-flow\">\n<p class=\"has-text-align-left has-x-large-font-size\"><\/p>\n\n\n\n<p style=\"font-size:28px\"><strong>Cours sp\u00e9cial sempa\u00ef<\/strong><\/p>\n\n\n\n<p style=\"font-size:18px\">Le <strong>jeudi 5 f\u00e9vrier<\/strong>, de 19h45 \u00e0 21h45, R\u00e9mi Adda, 5e DAN, animera un cours exceptionnel <strong>ouvert \u00e0 toutes et tous<\/strong>, quel que soit votre niveau.<\/p>\n\n\n\n<p style=\"font-size:18px\">N\u2019h\u00e9sitez pas \u00e0 partager l\u2019information et \u00e0 venir profiter de ce moment de pratique avec nous !<\/p>\n\n\n\n<p><\/p>\n<\/div>\n\n\n\n<div class=\"wp-block-column is-vertically-aligned-center is-layout-flow wp-block-column-is-layout-flow\"><div class=\"wp-block-image\">\n<figure class=\"alignright size-large\"><a href=\"https:\/\/aikido-cattenom.net\/wp-content\/uploads\/2026\/01\/cours-fev-remi-2025-2026_1080x1080.png\"><img loading=\"lazy\" decoding=\"async\" width=\"1024\" height=\"1024\" src=\"https:\/\/aikido-cattenom.net\/wp-content\/uploads\/2026\/01\/cours-fev-remi-2025-2026_1080x1080-1024x1024.png\" alt=\"\" class=\"wp-image-146299\" srcset=\"https:\/\/aikido-cattenom.net\/wp-content\/uploads\/2026\/01\/cours-fev-remi-2025-2026_1080x1080-1024x1024.png 1024w, https:\/\/aikido-cattenom.net\/wp-content\/uploads\/2026\/01\/cours-fev-remi-2025-2026_1080x1080-300x300.png 300w, https:\/\/aikido-cattenom.net\/wp-content\/uploads\/2026\/01\/cours-fev-remi-2025-2026_1080x1080-150x150.png 150w, https:\/\/aikido-cattenom.net\/wp-content\/uploads\/2026\/01\/cours-fev-remi-2025-2026_1080x1080-768x768.png 768w, https:\/\/aikido-cattenom.net\/wp-content\/uploads\/2026\/01\/cours-fev-remi-2025-2026_1080x1080.png 1080w\" sizes=\"auto, (max-width: 1024px) 100vw, 1024px\" \/><\/a><\/figure><\/div><\/div>\n<\/div>\n\n\n\n<div class=\"wp-block-columns is-layout-flex wp-container-core-columns-is-layout-9d6595d7 wp-block-columns-is-layout-flex\">\n<div class=\"wp-block-column is-layout-flow wp-block-column-is-layout-flow\">\n<ul class=\"wp-block-list\"><\/ul>\n\n\n\n<p style=\"font-size:28px\"><strong>Cours sp\u00e9cial sempa\u00ef<\/strong><\/p>\n\n\n\n<p style=\"font-size:18px\">Le <strong>jeudi 11 d\u00e9cembre<\/strong>, de 19h45 \u00e0 21h45, Claire RUGA, 5e DAN, animera un cours exceptionnel ouvert \u00e0 toutes et tous, quel que soit votre niveau.<\/p>\n\n\n\n<p style=\"font-size:18px\">N\u2019h\u00e9sitez pas \u00e0 partager l\u2019information et \u00e0 venir profiter de ce moment de pratique avec nous !<\/p>\n\n\n\n<p><\/p>\n<\/div>\n\n\n\n<div class=\"wp-block-column is-vertically-aligned-center is-layout-flow wp-block-column-is-layout-flow\"><div class=\"wp-block-image\">\n<figure class=\"alignright size-large\"><a href=\"https:\/\/aikido-cattenom.net\/wp-content\/uploads\/2025\/11\/cours-claire.jpg\"><img loading=\"lazy\" decoding=\"async\" width=\"1024\" height=\"1024\" src=\"https:\/\/aikido-cattenom.net\/wp-content\/uploads\/2025\/11\/cours-claire-1024x1024.jpg\" alt=\"\" class=\"wp-image-146278\" srcset=\"https:\/\/aikido-cattenom.net\/wp-content\/uploads\/2025\/11\/cours-claire-1024x1024.jpg 1024w, https:\/\/aikido-cattenom.net\/wp-content\/uploads\/2025\/11\/cours-claire-300x300.jpg 300w, https:\/\/aikido-cattenom.net\/wp-content\/uploads\/2025\/11\/cours-claire-150x150.jpg 150w, https:\/\/aikido-cattenom.net\/wp-content\/uploads\/2025\/11\/cours-claire-768x768.jpg 768w, https:\/\/aikido-cattenom.net\/wp-content\/uploads\/2025\/11\/cours-claire.jpg 1080w\" sizes=\"auto, (max-width: 1024px) 100vw, 1024px\" \/><\/a><\/figure><\/div><\/div>\n<\/div>\n\n\n\n<div class=\"wp-block-columns is-layout-flex wp-container-core-columns-is-layout-9d6595d7 wp-block-columns-is-layout-flex\">\n<div class=\"wp-block-column is-layout-flow wp-block-column-is-layout-flow\">\n<p style=\"font-size:28px\"><strong><strong>C&rsquo;est la reprise<\/strong> !<\/strong><\/p>\n\n\n\n<p><\/p>\n\n\n\n<p style=\"font-size:18px\">Le<strong> 1 septembre<\/strong> pour les adultes<\/p>\n\n\n\n<p style=\"font-size:18px\">Le <strong>11 septembre<\/strong> pour les enfants<\/p>\n\n\n\n<ul class=\"wp-block-list\">\n<li style=\"font-size:18px\">Venez nombreux et profitez de cette rentr\u00e9e pour tester lors des jeudi d\u00e9couvertes du mois de septembre ou vous \u00e9panouir dans la pratique de l\u2019a\u00efkido, quelle que soit votre discipline !<\/li>\n<\/ul>\n\n\n\n<ul class=\"wp-block-list\">\n<li style=\"font-size:18px\">Une belle occasion de retrouver la pratique et de se remettre dans le rythme.<\/li>\n<\/ul>\n<\/div>\n\n\n\n<div class=\"wp-block-column is-vertically-aligned-center is-layout-flow wp-block-column-is-layout-flow\"><div class=\"wp-block-image\">\n<figure class=\"alignright size-large\"><a href=\"https:\/\/aikido-cattenom.net\/wp-content\/uploads\/2025\/07\/rentree-2025-2026_1080x1080_2.png\"><img loading=\"lazy\" decoding=\"async\" width=\"1024\" height=\"1024\" src=\"https:\/\/aikido-cattenom.net\/wp-content\/uploads\/2025\/07\/rentree-2025-2026_1080x1080_2-1024x1024.png\" alt=\"\" class=\"wp-image-146031\" srcset=\"https:\/\/aikido-cattenom.net\/wp-content\/uploads\/2025\/07\/rentree-2025-2026_1080x1080_2-1024x1024.png 1024w, https:\/\/aikido-cattenom.net\/wp-content\/uploads\/2025\/07\/rentree-2025-2026_1080x1080_2-300x300.png 300w, https:\/\/aikido-cattenom.net\/wp-content\/uploads\/2025\/07\/rentree-2025-2026_1080x1080_2-150x150.png 150w, https:\/\/aikido-cattenom.net\/wp-content\/uploads\/2025\/07\/rentree-2025-2026_1080x1080_2-768x768.png 768w, https:\/\/aikido-cattenom.net\/wp-content\/uploads\/2025\/07\/rentree-2025-2026_1080x1080_2.png 1080w\" sizes=\"auto, (max-width: 1024px) 100vw, 1024px\" \/><\/a><\/figure><\/div><\/div>\n<\/div>\n\n\n\n<div class=\"wp-block-columns is-layout-flex wp-container-core-columns-is-layout-9d6595d7 wp-block-columns-is-layout-flex\">\n<div class=\"wp-block-column is-layout-flow wp-block-column-is-layout-flow\">\n<p style=\"font-size:28px\"><strong>Stage de Rentr\u00e9e<\/strong><\/p>\n\n\n\n<p><\/p>\n\n\n\n<ul class=\"wp-block-list\">\n<li style=\"font-size:18px\">Rejoignez nous pour un stage d\u2019a\u00efkido exceptionnel anim\u00e9 par quatre ceintures noires 4\u00e8me dan, les 30 et 31 ao\u00fbt.<\/li>\n<\/ul>\n\n\n\n<ul class=\"wp-block-list\">\n<li style=\"font-size:18px\">Une occasion unique de perfectionner votre technique, d\u2019approfondir votre pratique et de partager des moments de convivialit\u00e9 et de passion. Ouvert \u00e0 tous les niveaux !<\/li>\n<\/ul>\n<\/div>\n\n\n\n<div class=\"wp-block-column is-vertically-aligned-center is-layout-flow wp-block-column-is-layout-flow\">\n<figure class=\"wp-block-image size-large\"><a href=\"https:\/\/aikido-cattenom.net\/wp-content\/uploads\/2025\/07\/stage-rentree-2025-2026_1080x1080.png\"><img loading=\"lazy\" decoding=\"async\" width=\"1024\" height=\"1024\" src=\"https:\/\/aikido-cattenom.net\/wp-content\/uploads\/2025\/07\/stage-rentree-2025-2026_1080x1080-1024x1024.png\" alt=\"\" class=\"wp-image-146020\" srcset=\"https:\/\/aikido-cattenom.net\/wp-content\/uploads\/2025\/07\/stage-rentree-2025-2026_1080x1080-1024x1024.png 1024w, https:\/\/aikido-cattenom.net\/wp-content\/uploads\/2025\/07\/stage-rentree-2025-2026_1080x1080-300x300.png 300w, https:\/\/aikido-cattenom.net\/wp-content\/uploads\/2025\/07\/stage-rentree-2025-2026_1080x1080-150x150.png 150w, https:\/\/aikido-cattenom.net\/wp-content\/uploads\/2025\/07\/stage-rentree-2025-2026_1080x1080-768x768.png 768w, https:\/\/aikido-cattenom.net\/wp-content\/uploads\/2025\/07\/stage-rentree-2025-2026_1080x1080.png 1080w\" sizes=\"auto, (max-width: 1024px) 100vw, 1024px\" \/><\/a><\/figure>\n<\/div>\n<\/div>\n\n\n\n<h2 class=\"wp-block-heading\">Nous contacter<\/h2>\n\n\n\n<h3 class=\"wp-block-heading\">&#8211; Par E-mail:&nbsp;<a href=\"mailto:aikido-cattenom@orange.fr?subject=Contact%20Aikido\">aikicattenom@gmail.com<\/a><\/h3>\n\n\n\n<div class=\"wp-block-columns is-layout-flex wp-container-core-columns-is-layout-9d6595d7 wp-block-columns-is-layout-flex\">\n<div class=\"wp-block-column is-layout-flow wp-block-column-is-layout-flow\">\n<figure class=\"wp-block-image size-large\"><a href=\" https:\/\/www.instagram.com\/aikidoclubcattenom\"><img loading=\"lazy\" decoding=\"async\" width=\"1024\" height=\"1024\" src=\"https:\/\/aikido-cattenom.net\/wp-content\/uploads\/2025\/08\/v982-d3-04-1024x1024.jpg\" alt=\"\" class=\"wp-image-146185\" srcset=\"https:\/\/aikido-cattenom.net\/wp-content\/uploads\/2025\/08\/v982-d3-04-1024x1024.jpg 1024w, https:\/\/aikido-cattenom.net\/wp-content\/uploads\/2025\/08\/v982-d3-04-300x300.jpg 300w, https:\/\/aikido-cattenom.net\/wp-content\/uploads\/2025\/08\/v982-d3-04-150x150.jpg 150w, https:\/\/aikido-cattenom.net\/wp-content\/uploads\/2025\/08\/v982-d3-04-768x768.jpg 768w, https:\/\/aikido-cattenom.net\/wp-content\/uploads\/2025\/08\/v982-d3-04-1536x1536.jpg 1536w, https:\/\/aikido-cattenom.net\/wp-content\/uploads\/2025\/08\/v982-d3-04-2048x2048.jpg 2048w\" sizes=\"auto, (max-width: 1024px) 100vw, 1024px\" \/><\/a><\/figure>\n<\/div>\n\n\n\n<div class=\"wp-block-column is-layout-flow wp-block-column-is-layout-flow\">\n<figure class=\"wp-block-image size-large\"><a href=\" https:\/\/www.facebook.com\/pg\/aikidoclubcattenom\/\"><img loading=\"lazy\" decoding=\"async\" width=\"1024\" height=\"1024\" src=\"https:\/\/aikido-cattenom.net\/wp-content\/uploads\/2025\/08\/10464408-1024x1024.png\" alt=\"\" class=\"wp-image-146186\" srcset=\"https:\/\/aikido-cattenom.net\/wp-content\/uploads\/2025\/08\/10464408-1024x1024.png 1024w, https:\/\/aikido-cattenom.net\/wp-content\/uploads\/2025\/08\/10464408-300x300.png 300w, https:\/\/aikido-cattenom.net\/wp-content\/uploads\/2025\/08\/10464408-150x150.png 150w, https:\/\/aikido-cattenom.net\/wp-content\/uploads\/2025\/08\/10464408-768x768.png 768w, https:\/\/aikido-cattenom.net\/wp-content\/uploads\/2025\/08\/10464408-1536x1536.png 1536w, https:\/\/aikido-cattenom.net\/wp-content\/uploads\/2025\/08\/10464408.png 2000w\" sizes=\"auto, (max-width: 1024px) 100vw, 1024px\" \/><\/a><\/figure>\n<\/div>\n\n\n\n<div class=\"wp-block-column is-layout-flow wp-block-column-is-layout-flow\"><\/div>\n<\/div>\n\n\n\n<p><\/p>\n","protected":false},"excerpt":{"rendered":"<p>Actualit\u00e9s Notre Jeannot, alias Joe la Pince, nous a quitt\u00e9s samedi 31 janvier.\u00a0 Membre fondateur de notre club, Jean en a \u00e9t\u00e9 un des piliers depuis sa cr\u00e9ation en 1999. Il a occup\u00e9 toutes les fonctions possibles au sein de &hellip; <a href=\"https:\/\/aikido-cattenom.net\/\">Continuer la lecture <span class=\"meta-nav\">&rarr;<\/span><\/a><\/p>\n","protected":false},"author":3,"featured_media":0,"parent":0,"menu_order":0,"comment_status":"closed","ping_status":"closed","template":"onecolumn-page.php","meta":{"footnotes":""},"class_list":["post-146078","page","type-page","status-publish","hentry"],"_links":{"self":[{"href":"https:\/\/aikido-cattenom.net\/index.php?rest_route=\/wp\/v2\/pages\/146078","targetHints":{"allow":["GET"]}}],"collection":[{"href":"https:\/\/aikido-cattenom.net\/index.php?rest_route=\/wp\/v2\/pages"}],"about":[{"href":"https:\/\/aikido-cattenom.net\/index.php?rest_route=\/wp\/v2\/types\/page"}],"author":[{"embeddable":true,"href":"https:\/\/aikido-cattenom.net\/index.php?rest_route=\/wp\/v2\/users\/3"}],"replies":[{"embeddable":true,"href":"https:\/\/aikido-cattenom.net\/index.php?rest_route=%2Fwp%2Fv2%2Fcomments&post=146078"}],"version-history":[{"count":29,"href":"https:\/\/aikido-cattenom.net\/index.php?rest_route=\/wp\/v2\/pages\/146078\/revisions"}],"predecessor-version":[{"id":146315,"href":"https:\/\/aikido-cattenom.net\/index.php?rest_route=\/wp\/v2\/pages\/146078\/revisions\/146315"}],"wp:attachment":[{"href":"https:\/\/aikido-cattenom.net\/index.php?rest_route=%2Fwp%2Fv2%2Fmedia&parent=146078"}],"curies":[{"name":"wp","href":"https:\/\/api.w.org\/{rel}","templated":true}]}}